 -p = 5*k + 2*p - 18, 5*k - 14 = -4*p. Let s(h) = -4*h + 5. Determine s(k).
-19
Let c(p) = p + 23. Let m(x) = -x - 30. Let q(a) = 4*c(a) + 3*m(a). Calculate q(9).
11
Let r(b) = b**3 + 4*b**2 - 5*b. Let f be r(-5). Let m(o) = -o - 13. Give m(f).
-13
Let f(o) = -114*o + 55 + 114*o + 6*o**2 + o**3 - 58. Give f(-6).
-3
Let h(f) = -2*f - 11. Suppose -3*x - 34 = 4*t, -8*t + 2 = -9*t - 4*x. Calculate h(t).
9
Let t(m) = 29*m. Let c be 27/33 - 1*(-14)/77. What is t(c)?
29
Suppose l = -3*l + 8. Let p(c) = 1 - 4*c**l + c - 3*c**2 + 3*c**2. Calculate p(-1).
-4
Let t(c) = -c - 1. Suppose 3*h + 96 = 4*j, 4*j + j + 5*h = 155. Suppose -29 = -3*m + 4*q, -4*q - j = -5*m + 8. Give t(m).
-4
Suppose -4*q = -3*z + 3, 2*q + q + 6 = 3*z. Let v be (-14)/q*3/(-2). Suppose 2*w = v*w - 20. Let k(u) = u**3 - 4*u**2 + u. Determine k(w).
4
Let t(a) = -a**3 + a**2 + a. Let f(m) = -m**3 + 13*m + 12. Let c be f(-3). Determine t(c).
0
Suppose j + c + 2*c - 8 = 0, -2 = -c. Let i be j/(-15) + (-12)/(-90). Let u(q) = 12 + 0*q + q**3 + q**2 + 0*q - q. Determine u(i).
12
Let l(c) be the second derivative of -c**5/4 - c**4/6 - c**3/6 - c**2 + 135*c. Determine l(-2).
32
Let y(t) = t**2 - 8*t - 3. Suppose 4*z - 18 = z. Let x be y(z). Let r be x/(-6)*(-32)/(-20). Let m(g) = -g**3 + 4*g**2 - g + 4. Give m(r).
0
Let i(y) = y**2 - 2*y**2 + 338 - 348 + 12*y. Calculate i(11).
1
Let o(n) be the third derivative of n**6/360 - n**5/20 - n**4/12 - 11*n**3/6 + 3*n**2. Let h(u) be the first derivative of o(u). Determine h(5).
-7
Let v be 534/33 + (-2)/11. Suppose -2 = -3*d + v. Let t(r) = 3 + 0 + r - 5 - 2. Give t(d).
2
Let j(r) = r**3 + 18*r**2 - 60*r + 62. Let x be j(-21). Let w(l) = -18*l + 1. Calculate w(x).
19
Let d(h) = -2*h - 2 - 10*h - 2*h. Let l(s) = -5*s - 1. Let g(t) = 4*d(t) - 11*l(t). Let m be 1/(-1)*(-15)/(-3). Give g(m).
8
Let h(m) be the third derivative of 0*m + 0 - 1/6*m**3 + 1/6*m**4 - 18*m**2 - 1/60*m**5. Calculate h(3).
2
Let q(b) = b + 1. Let z(k) = 3*k + 2. Let f(u) = -4*q(u) + z(u). Suppose -5*h - 4*p + 20 = 0, -p + 5*p = -2*h + 20. Calculate f(h).
-2
Let s(c) = -c**3 + 7*c**2 - c + 4. Let p be (-228)/(-304)*28/3. Determine s(p).
-3
Let b(t) = -t**3 - 5*t**2 - 2*t + 4. Suppose -18*d - 36 = 18. Calculate b(d).
-8
Suppose 3*t - 2*t - 5 = 0. Let o = 5 - t. Let x(y) = -y**2 + y + 6. Calculate x(o).
6
Let n(y) = -36*y - 2 + 105*y - 42*y - 37*y. Calculate n(1).
-12
Let v = 110 + -82. Suppose -9*g + v = -8. Let d(o) be the first derivative of -o**4/4 + 4*o**3/3 - 2*o + 1. What is d(g)?
-2
Let x(n) = 24*n**2 - 5*n + 3. Let l be x(1). Suppose 3*h - 28 = 2*u + 3*u, 5*u = -3*h - l. Let r(q) = 5*q - q**2 - q + 2*q + 2*q**2. Give r(u).
-5
Suppose 4*d + 27*b + 22 = 32*b, 0 = 3*d - 2*b + 13. Let a(x) = -2*x + 6. Give a(d).
12
Let p = 14 - 10. Let q(x) = 4*x**3 + 0*x**3 - 9*x**2 - 3*x**3 + p*x**2 + 1 - 7*x. Let i = -26 - -32. What is q(i)?
-5
Let q(l) = -26*l**2 - 4*l + 9. Let b(y) = -6*y**2 - y + 2. Let t(u) = 9*b(u) - 2*q(u). Calculate t(-2).
-6
Let n(w) = -w**3 - 3*w**2 + 8*w + 6. Suppose 0 = -5*q + 3*q - 10. Let p be n(q). Let r be 4/(-12) + p/12. Let k(u) = 11*u**2 - 1. What is k(r)?
10
Let o = 50 + -36. Let c = -12 + o. Let i(d) = 14 - 3*d**3 - 13 - c*d - 3*d**2 + 5*d**2 + 7*d**3. Determine i(1).
5
Let r be (-4)/(-8)*-8 + 7. Let v(q) = 3*q**3 + 2*q**2 - q - 4. Let d(f) = 2*f**3 + f**2 - 3. Let a(x) = r*v(x) - 4*d(x). What is a(2)?
10
Let m(f) = -f**3 - 5*f**2 + 6*f - 3. Suppose -n + 272 = 3*n. Let x be 1/(-5) - n/10. Let d be 1 - (x*2)/(-2). Calculate m(d).
-3
Let z(o) be the second derivative of -o**5/120 - o**4/8 - o**3/3 - 15*o. Let s(f) be the second derivative of z(f). Calculate s(-4).
1
Let v(d) = -3*d + 2. Suppose 276 - 261 = 5*l. Calculate v(l).
-7
Let s be (17 - 12) + (-1 - -4). Let l(o) be the second derivative of o**5/20 - 7*o**4/12 - 4*o**3/3 - o**2/2 - 233*o. Determine l(s).
-1
Let p be 1 + 14/91*13. Let n(c) be the second derivative of -c**5/20 + c**4/6 + c**3/2 + 2*c**2 + c. Give n(p).
4
Let a(d) be the first derivative of 1/3*d**3 + 15 + 3/2*d**2 + d. Give a(-3).
1
Let t be 1*-2 - (-63)/7. Let v = t - 14. Let c = v - -3. Let w(s) = 4*s + 4. Give w(c).
-12
Let t(m) = -8*m**2 - 22. Let u(w) = 11*w**2 + 33. Let v(a) = -7*t(a) - 5*u(a). Let y = -15 - -15. Give v(y).
-11
Let o(z) = 3*z. Let q be ((-21)/(-84))/((-2)/(-8)). What is o(q)?
3
Let r(v) be the first derivative of -v**3/3 + 3*v**2 - 4*v - 68. Determine r(5).
1
Let n(r) = -2*r - 4. Let h be (-50)/4*4/(-10). Let g(u) = -3*u - 9. Let w(s) = h*n(s) - 2*g(s). Calculate w(3).
-14
Let p(j) = 2*j**2 - 2*j - 1. Let g = -15 - -96. Suppose -3*r = -18 + g. Let h be r/(-6) - (-6)/(-4). Determine p(h).
3
Let l(t) = t**3 + 2*t**2 - 1. Let m = -25 - -20. Let j be (-3)/3 + m + 8. Let y be -1 - (-1 - (-2)/j). What is l(y)?
0
Let r(o) = 2*o + 1. Let n be -4 + (5 - 2) + -1. Let s be (1/(-2))/(n/4). Determine r(s).
3
Let b(a) = -6 + 3*a**2 + 290*a + 5 + a**3 - 290*a - a**2. What is b(-4)?
-33
Suppose 7*y - 4*y + 7 = 4*g, -2 = -2*y + g. Let z be -6*2/9*y. Let h(a) = 2*a - 203 + 407 - 206. Calculate h(z).
-10
Let v(l) = -16*l**3 + 33*l**2 + 13*l + 9. Let b(u) = 7*u**3 - 15*u**2 - 6*u - 4. Let q(y) = 9*b(y) + 4*v(y). What is q(-2)?
0
Let s(b) = -11*b + 21. Let j(g) = 27*g - 51. Let q(u) = -5*j(u) - 12*s(u). Determine q(1).
0
Let q(d) = -d**2 + d. Let j(l) = -17*l - 1 - 22*l + 63*l - 3*l**2 - 26*l. Let h(z) = -j(z) + 4*q(z). Give h(5).
6
Let j(p) be the first derivative of -p**4/4 + p**3 + 2*p**2 - p + 93. What is j(4)?
-1
Let t(u) be the third derivative of u**6/120 - u**5/12 - u**4/12 + 5*u**3/6 - 2*u**2. Suppose 14*f = -6*f + 100. What is t(f)?
-5
Let a(w) = 2*w + 9. Let c(s) = -5*s - 28. Let r be ((-32 - -2)/5)/(-2). Let l(k) = r*c(k) + 8*a(k). What is l(5)?
-7
Let t(j) = -13*j**3 - j**2. Let y be 87 + 4*(-4 + 3). Let a = y + -82. What is t(a)?
-14
Let s(y) = -y**2 - 2*y + 4. Suppose 33 = -2*q + 3*u, -3*q - 4*u - 97 = u. Let k be 16/q*(-18)/(-4). Let w be 12/k + 0 + 7. Give s(w).
-11
Suppose 3*k = -2*a - 24, -4*k - 4*a - 12 - 16 = 0. Let y(h) = -h**3 - 11*h**2 - 10*h + 7. Calculate y(k).
7
Let h(b) = 2*b**2 + 18*b + 8. Let n(d) = -2*d**2 - 19*d - 7. Let v(x) = 6*h(x) + 7*n(x). Give v(-13).
-14
Let a(t) = -t**2 - 2*t - 18. Let j(i) = -i - 1. Let b(o) = a(o) + 4*j(o). Let x(q) be the first derivative of b(q). Determine x(-4).
2
Let s = -10 + 20. Let v(j) = -4*j + 1 - 3*j + s*j - j. Determine v(1).
3
Let u(y) = y + 3. Suppose -10*h - 12 = -13*h. Suppose c + 3*c = h*a - 36, -2*c = 0. Let k = -3 + a. Calculate u(k).
9
Let s = 8 - 3. Suppose -v - v - 5*n + 15 = 0, s*n = 2*v - 5. Let r(h) = -h + 1. What is r(v)?
-4
Suppose 3*b - 5*g + 97 = 0, -3*b + g + 3*g = 92. Let i be (-4)/b + 159/18. Let z be i + 2/(4/(-6)). Let h(y) = y**2 - 6*y + 1. Determine h(z).
1
Let s = 99 + -69. Let f(n) = -n**3 + 2*n**3 + s + n - 24 + n**2. What is f(0)?
6
Suppose 4*s = -5*c, -4*c + 5*s - 31 = 2*s. Let z(n) = 2*n**2 + 6*n - 5. Let t be z(c). Suppose 3 = -t*a + 9. Let g(f) = 2*f**2 - 2*f + 1. Calculate g(a).
5
Let q = 0 + 1. Suppose -3*v + 7 = q. Let r(a) = 2 - 4*a - a**2 + 3 + 0 - v. Calculate r(-6).
-9
Let g(v) = -v**3 + 7*v**2 + 5*v + 15. Suppose 0 = -5*c + 3*y + 49, -2*y = 5*c - 7*y - 55. Determine g(c).
-9
Let c(t) = 3*t + 1. Suppose -2*y - 2 = 0, -4*r - 48 = -0*y + 4*y. Let z = 19 + r. Let s = 9 - z. Determine c(s).
4
Suppose -2*x + s + 0 = 5, -20 = x - 4*s. Let t = -6 - x. Let h(f) = f + 9. Give h(t).
3
Suppose 0 = -p - 4*h - 15, -10 = 2*p + 4*h + 12. Let t(i) = -i**3 - 8*i**2 - 7*i + 5. Let a be t(p). Let c(j) = j - 3. What is c(a)?
2
Let r(w) = -w**2 + 6*w + 3. Suppose -3*x + q + 19 = 0, 9*q - 7 = -4*x + 14*q. Determine r(x).
-13
Let g be 0 + 1 - (-39 - -39). Let u(t) = -20*t + 1. Calculate u(g).
-19
Let k(q) = q**3 + 3*q**2 - 4*q. Let f(z) = z + 3. Let d be f(-2). Suppose p - 17 = d. Suppose p*i - 20*i = 6. Calculate k(i).
12
Let u(t) be the third derivative of t**6/120 + t**5/15 - t**4/3 - t**3/2 - 3*t**2. Suppose 2*y + w = 4*w - 4, 4*y + 5*w = -30. Give u(y).
12
Let b(r) = -5*r + 238. Let a be b(47). Let w(y) be the third derivative of 11*y**2 + 0 + 1/24*y**4 + 0*y + 1/6*y**a. Determine w(5).
6
Let h(s) = -s**2 - 43*s - 451. Let d be h(-24). Let n(y) = -2 + 2*y**3 + 4*y**2 - 3*y**3 + 9*y - 2*y. Calculate n(d).
8
Suppose r + 8*r = 126. Let t be 2